{"id":36661,"date":"2026-02-06T10:15:31","date_gmt":"2026-02-06T10:15:31","guid":{"rendered":"https:\/\/cortartec.net\/produto\/revestimento-ablativo-corta-fogo\/"},"modified":"2026-05-15T14:40:08","modified_gmt":"2026-05-15T14:40:08","slug":"revetement-ignifuge-ablatif","status":"publish","type":"product","link":"https:\/\/cortartec.net\/fr\/produto\/revetement-ignifuge-ablatif\/","title":{"rendered":"Rev\u00eatement ignifuge ablatif"},"content":{"rendered":"<p><b>COR FR COAT I\/A\u00a0<\/b>Il s&rsquo;agit d&rsquo;une peinture intumescente monocomposante con\u00e7ue pour colmater les passages de protection contre l&rsquo;incendie comportant des tuyaux et des c\u00e2bles \u00e9lectriques ininflammables. Le rev\u00eatement r\u00e9alis\u00e9 avec cette peinture gonfle sous l&rsquo;effet de la temp\u00e9rature, cr\u00e9ant ainsi une couche protectrice \u00e0 la surface trait\u00e9e. La peinture prot\u00e8ge les \u00e9l\u00e9ments du syst\u00e8me au niveau des passages jusqu&rsquo;\u00e0 la classe de r\u00e9sistance au feu EI 240. (d\u00e9tails conform\u00e9ment aux documents de r\u00e9f\u00e9rence)<\/p>\n<h3><strong>APPLICATION :<\/strong><\/h3>\n<p><b>COR FR COAT I\/A <\/b>est destin\u00e9 \u00e0 la protection des tuyaux ininflammables dans les sols et les cloisons coupe-feu, ainsi que des c\u00e2bles \u00e9lectriques \/ goulottes murales.<\/p>\n<h3><b>MURS FLEXIBLES<\/b><b>:<\/b><\/h3>\n<p>Le mur doit avoir une \u00e9paisseur d&rsquo;au moins 125 mm et comporter une ossature en profil\u00e9s d&rsquo;acier recouverte des deux c\u00f4t\u00e9s d&rsquo;au moins 2 couches de panneaux d&rsquo;une \u00e9paisseur de 12,5 mm.<\/p>\n<h3><strong>MURS RIGIDES :<\/strong><\/h3>\n<p>Le mur doit avoir une \u00e9paisseur d&rsquo;au moins 150 mm et comporter une structure en b\u00e9ton, en b\u00e9ton cellulaire ou en ma\u00e7onnerie, d&rsquo;une densit\u00e9 minimale de 600 kg\/m\u00b3<\/p>\n<h3><strong>SOLS RIGIDES :<\/strong><\/h3>\n<p>Le sol doit avoir une \u00e9paisseur minimale de 150 mm et \u00eatre en b\u00e9ton, en b\u00e9ton cellulaire ou en ma\u00e7onnerie, avec une densit\u00e9 minimale de 1 700 kg\/m\u00b3.<\/p>\n<h3><b>DISPONIBILIT\u00c9<\/b><strong>:<\/strong><\/h3>\n<table width=\"592\">\n<tbody>\n<tr>\n<th>\n<h3>TYPE<\/h3>\n<\/th>\n<th>\n<h3>R\u00c9F.<\/h3>\n<\/th>\n<\/tr>\n<tr>\n<td>3KG<\/td>\n<td>INCA3KG<\/td>\n<\/tr>\n<tr>\n<td>12,5KG<\/td>\n<td>INCA125KG<\/td>\n<\/tr>\n<\/tbody>\n<\/table>\n","protected":false},"excerpt":{"rendered":"<p><span style=\"color: #e46106;\"><strong><a style=\"color: #e46106;\" href=\"https:\/\/cortartec.net\/wp-content\/uploads\/2023\/04\/cortartec-cor_fr_coat-ficha-tecnica.pdf\" target=\u00ab _blank \u00bb rel=\"noopener\">Fiche technique<\/a><\/strong><\/span><br \/>\n<span style=\"color: #e46106;\"><strong><a style=\"color: #e46106;\" href=\"\"#>DWG<\/a><\/strong><\/span><\/p>\n","protected":false},"featured_media":36662,"comment_status":"open","ping_status":"closed","template":"","meta":[],"product_brand":[],"product_cat":[334],"product_tag":[],"class_list":["post-36661","product","type-product","status-publish","has-post-thumbnail","product_cat-coupe-feu","first","instock","shipping-taxable","product-type-simple"],"yoast_head":"<!-- This site is optimized with the Yoast SEO plugin v28.4 - https:\/\/yoast.com\/product\/yoast-seo-wordpress\/ -->\n<title>Rev\u00eatement ignifuge ablatif - Cortartec | Equipamentos para a constru\u00e7\u00e3o civil<\/title>\n<meta name=\"robots\" content=\"index, follow, max-snippet:-1, max-image-preview:large, max-video-preview:-1\" \/>\n<link rel=\"canonical\" href=\"https:\/\/cortartec.net\/fr\/produto\/revetement-ignifuge-ablatif\/\" \/>\n<meta property=\"og:locale\" content=\"fr_FR\" \/>\n<meta property=\"og:type\" content=\"article\" \/>\n<meta property=\"og:title\" content=\"Rev\u00eatement ignifuge ablatif - Cortartec | Equipamentos para a constru\u00e7\u00e3o civil\" \/>\n<meta property=\"og:description\" content=\"Fiche technique DWG\" \/>\n<meta property=\"og:url\" content=\"https:\/\/cortartec.net\/fr\/produto\/revetement-ignifuge-ablatif\/\" \/>\n<meta property=\"og:site_name\" content=\"Cortartec | Equipamentos para a constru\u00e7\u00e3o civil\" \/>\n<meta property=\"article:modified_time\" content=\"2026-05-15T14:40:08+00:00\" \/>\n<meta property=\"og:image\" content=\"https:\/\/cortartec.net\/wp-content\/uploads\/2026\/02\/intu-fr-coat-i-q5a8zacdog0z3qpft8sutte8nzw5976wwcx1g7j6m0.jpg\" \/>\n\t<meta property=\"og:image:width\" content=\"350\" \/>\n\t<meta property=\"og:image:height\" content=\"300\" \/>\n\t<meta property=\"og:image:type\" content=\"image\/jpeg\" \/>\n<meta name=\"twitter:card\" content=\"summary_large_image\" \/>\n<meta name=\"twitter:label1\" content=\"Dur\u00e9e de lecture estim\u00e9e\" \/>\n\t<meta name=\"twitter:data1\" content=\"2 minutes\" \/>\n<script type=\"application\/ld+json\" class=\"yoast-schema-graph\">{\"@context\":\"https:\\\/\\\/schema.org\",\"@graph\":[{\"@type\":\"WebPage\",\"@id\":\"https:\\\/\\\/cortartec.net\\\/fr\\\/produto\\\/revetement-ignifuge-ablatif\\\/\",\"url\":\"https:\\\/\\\/cortartec.net\\\/fr\\\/produto\\\/revetement-ignifuge-ablatif\\\/\",\"name\":\"Rev\u00eatement ignifuge ablatif - Cortartec | Equipamentos para a constru\u00e7\u00e3o civil\",\"isPartOf\":{\"@id\":\"https:\\\/\\\/cortartec.net\\\/fr\\\/#website\"},\"primaryImageOfPage\":{\"@id\":\"https:\\\/\\\/cortartec.net\\\/fr\\\/produto\\\/revetement-ignifuge-ablatif\\\/#primaryimage\"},\"image\":{\"@id\":\"https:\\\/\\\/cortartec.net\\\/fr\\\/produto\\\/revetement-ignifuge-ablatif\\\/#primaryimage\"},\"thumbnailUrl\":\"https:\\\/\\\/cortartec.net\\\/wp-content\\\/uploads\\\/2026\\\/02\\\/intu-fr-coat-i-q5a8zacdog0z3qpft8sutte8nzw5976wwcx1g7j6m0.jpg\",\"datePublished\":\"2026-02-06T10:15:31+00:00\",\"dateModified\":\"2026-05-15T14:40:08+00:00\",\"breadcrumb\":{\"@id\":\"https:\\\/\\\/cortartec.net\\\/fr\\\/produto\\\/revetement-ignifuge-ablatif\\\/#breadcrumb\"},\"inLanguage\":\"fr-FR\",\"potentialAction\":[{\"@type\":\"ReadAction\",\"target\":[\"https:\\\/\\\/cortartec.net\\\/fr\\\/produto\\\/revetement-ignifuge-ablatif\\\/\"]}]},{\"@type\":\"ImageObject\",\"inLanguage\":\"fr-FR\",\"@id\":\"https:\\\/\\\/cortartec.net\\\/fr\\\/produto\\\/revetement-ignifuge-ablatif\\\/#primaryimage\",\"url\":\"https:\\\/\\\/cortartec.net\\\/wp-content\\\/uploads\\\/2026\\\/02\\\/intu-fr-coat-i-q5a8zacdog0z3qpft8sutte8nzw5976wwcx1g7j6m0.jpg\",\"contentUrl\":\"https:\\\/\\\/cortartec.net\\\/wp-content\\\/uploads\\\/2026\\\/02\\\/intu-fr-coat-i-q5a8zacdog0z3qpft8sutte8nzw5976wwcx1g7j6m0.jpg\",\"width\":350,\"height\":300},{\"@type\":\"BreadcrumbList\",\"@id\":\"https:\\\/\\\/cortartec.net\\\/fr\\\/produto\\\/revetement-ignifuge-ablatif\\\/#breadcrumb\",\"itemListElement\":[{\"@type\":\"ListItem\",\"position\":1,\"name\":\"In\u00edcio\",\"item\":\"https:\\\/\\\/cortartec.net\\\/fr\\\/\"},{\"@type\":\"ListItem\",\"position\":2,\"name\":\"PRODUITS\",\"item\":\"https:\\\/\\\/cortartec.net\\\/fr\\\/produits\\\/\"},{\"@type\":\"ListItem\",\"position\":3,\"name\":\"Rev\u00eatement ignifuge ablatif\"}]},{\"@type\":\"WebSite\",\"@id\":\"https:\\\/\\\/cortartec.net\\\/fr\\\/#website\",\"url\":\"https:\\\/\\\/cortartec.net\\\/fr\\\/\",\"name\":\"Cortartec | Equipamentos para a constru\u00e7\u00e3o civil\",\"description\":\"Engenharia Industrial\",\"potentialAction\":[{\"@type\":\"SearchAction\",\"target\":{\"@type\":\"EntryPoint\",\"urlTemplate\":\"https:\\\/\\\/cortartec.net\\\/fr\\\/?s={search_term_string}\"},\"query-input\":{\"@type\":\"PropertyValueSpecification\",\"valueRequired\":true,\"valueName\":\"search_term_string\"}}],\"inLanguage\":\"fr-FR\"}]}<\/script>\n<!-- \/ Yoast SEO plugin. -->","yoast_head_json":{"title":"Rev\u00eatement ignifuge ablatif - Cortartec | Equipamentos para a constru\u00e7\u00e3o civil","robots":{"index":"index","follow":"follow","max-snippet":"max-snippet:-1","max-image-preview":"max-image-preview:large","max-video-preview":"max-video-preview:-1"},"canonical":"https:\/\/cortartec.net\/fr\/produto\/revetement-ignifuge-ablatif\/","og_locale":"fr_FR","og_type":"article","og_title":"Rev\u00eatement ignifuge ablatif - Cortartec | Equipamentos para a constru\u00e7\u00e3o civil","og_description":"Fiche technique DWG","og_url":"https:\/\/cortartec.net\/fr\/produto\/revetement-ignifuge-ablatif\/","og_site_name":"Cortartec | Equipamentos para a constru\u00e7\u00e3o civil","article_modified_time":"2026-05-15T14:40:08+00:00","og_image":[{"width":350,"height":300,"url":"https:\/\/cortartec.net\/wp-content\/uploads\/2026\/02\/intu-fr-coat-i-q5a8zacdog0z3qpft8sutte8nzw5976wwcx1g7j6m0.jpg","type":"image\/jpeg"}],"twitter_card":"summary_large_image","twitter_misc":{"Dur\u00e9e de lecture estim\u00e9e":"2 minutes"},"schema":{"@context":"https:\/\/schema.org","@graph":[{"@type":"WebPage","@id":"https:\/\/cortartec.net\/fr\/produto\/revetement-ignifuge-ablatif\/","url":"https:\/\/cortartec.net\/fr\/produto\/revetement-ignifuge-ablatif\/","name":"Rev\u00eatement ignifuge ablatif - Cortartec | Equipamentos para a constru\u00e7\u00e3o civil","isPartOf":{"@id":"https:\/\/cortartec.net\/fr\/#website"},"primaryImageOfPage":{"@id":"https:\/\/cortartec.net\/fr\/produto\/revetement-ignifuge-ablatif\/#primaryimage"},"image":{"@id":"https:\/\/cortartec.net\/fr\/produto\/revetement-ignifuge-ablatif\/#primaryimage"},"thumbnailUrl":"https:\/\/cortartec.net\/wp-content\/uploads\/2026\/02\/intu-fr-coat-i-q5a8zacdog0z3qpft8sutte8nzw5976wwcx1g7j6m0.jpg","datePublished":"2026-02-06T10:15:31+00:00","dateModified":"2026-05-15T14:40:08+00:00","breadcrumb":{"@id":"https:\/\/cortartec.net\/fr\/produto\/revetement-ignifuge-ablatif\/#breadcrumb"},"inLanguage":"fr-FR","potentialAction":[{"@type":"ReadAction","target":["https:\/\/cortartec.net\/fr\/produto\/revetement-ignifuge-ablatif\/"]}]},{"@type":"ImageObject","inLanguage":"fr-FR","@id":"https:\/\/cortartec.net\/fr\/produto\/revetement-ignifuge-ablatif\/#primaryimage","url":"https:\/\/cortartec.net\/wp-content\/uploads\/2026\/02\/intu-fr-coat-i-q5a8zacdog0z3qpft8sutte8nzw5976wwcx1g7j6m0.jpg","contentUrl":"https:\/\/cortartec.net\/wp-content\/uploads\/2026\/02\/intu-fr-coat-i-q5a8zacdog0z3qpft8sutte8nzw5976wwcx1g7j6m0.jpg","width":350,"height":300},{"@type":"BreadcrumbList","@id":"https:\/\/cortartec.net\/fr\/produto\/revetement-ignifuge-ablatif\/#breadcrumb","itemListElement":[{"@type":"ListItem","position":1,"name":"In\u00edcio","item":"https:\/\/cortartec.net\/fr\/"},{"@type":"ListItem","position":2,"name":"PRODUITS","item":"https:\/\/cortartec.net\/fr\/produits\/"},{"@type":"ListItem","position":3,"name":"Rev\u00eatement ignifuge ablatif"}]},{"@type":"WebSite","@id":"https:\/\/cortartec.net\/fr\/#website","url":"https:\/\/cortartec.net\/fr\/","name":"Cortartec | Equipamentos para a constru\u00e7\u00e3o civil","description":"Engenharia Industrial","potentialAction":[{"@type":"SearchAction","target":{"@type":"EntryPoint","urlTemplate":"https:\/\/cortartec.net\/fr\/?s={search_term_string}"},"query-input":{"@type":"PropertyValueSpecification","valueRequired":true,"valueName":"search_term_string"}}],"inLanguage":"fr-FR"}]}},"_links":{"self":[{"href":"https:\/\/cortartec.net\/fr\/wp-json\/wp\/v2\/product\/36661","targetHints":{"allow":["GET"]}}],"collection":[{"href":"https:\/\/cortartec.net\/fr\/wp-json\/wp\/v2\/product"}],"about":[{"href":"https:\/\/cortartec.net\/fr\/wp-json\/wp\/v2\/types\/product"}],"replies":[{"embeddable":true,"href":"https:\/\/cortartec.net\/fr\/wp-json\/wp\/v2\/comments?post=36661"}],"wp:featuredmedia":[{"embeddable":true,"href":"https:\/\/cortartec.net\/fr\/wp-json\/wp\/v2\/media\/36662"}],"wp:attachment":[{"href":"https:\/\/cortartec.net\/fr\/wp-json\/wp\/v2\/media?parent=36661"}],"wp:term":[{"taxonomy":"product_brand","embeddable":true,"href":"https:\/\/cortartec.net\/fr\/wp-json\/wp\/v2\/product_brand?post=36661"},{"taxonomy":"product_cat","embeddable":true,"href":"https:\/\/cortartec.net\/fr\/wp-json\/wp\/v2\/product_cat?post=36661"},{"taxonomy":"product_tag","embeddable":true,"href":"https:\/\/cortartec.net\/fr\/wp-json\/wp\/v2\/product_tag?post=36661"}],"curies":[{"name":"wp","href":"https:\/\/api.w.org\/{rel}","templated":true}]}}

Revêtement ignifuge ablatif

<p><b>COR FR COAT I/A </b>Il s&rsquo;agit d&rsquo;une peinture intumescente monocomposante conçue pour colmater les passages de protection contre l&rsquo;incendie comportant des tuyaux et des câbles électriques ininflammables. Le revêtement réalisé avec cette peinture gonfle sous l&rsquo;effet de la température, créant ainsi une couche protectrice à la surface traitée. La peinture protège les éléments du système au niveau des passages jusqu&rsquo;à la classe de résistance au feu EI 240. (détails conformément aux documents de référence)</p>
<h3><strong>APPLICATION :</strong></h3>
<p><b>COR FR COAT I/A </b>est destiné à la protection des tuyaux ininflammables dans les sols et les cloisons coupe-feu, ainsi que des câbles électriques / goulottes murales.</p>
<h3><b>MURS FLEXIBLES</b><b>:</b></h3>
<p>Le mur doit avoir une épaisseur d&rsquo;au moins 125 mm et comporter une ossature en profilés d&rsquo;acier recouverte des deux côtés d&rsquo;au moins 2 couches de panneaux d&rsquo;une épaisseur de 12,5 mm.</p>
<h3><strong>MURS RIGIDES :</strong></h3>
<p>Le mur doit avoir une épaisseur d&rsquo;au moins 150 mm et comporter une structure en béton, en béton cellulaire ou en maçonnerie, d&rsquo;une densité minimale de 600 kg/m³</p>
<h3><strong>SOLS RIGIDES :</strong></h3>
<p>Le sol doit avoir une épaisseur minimale de 150 mm et être en béton, en béton cellulaire ou en maçonnerie, avec une densité minimale de 1 700 kg/m³.</p>
<h3><b>DISPONIBILITÉ</b><strong>:</strong></h3>
<table width="592">
<tbody>
<tr>
<th>
<h3>TYPE</h3>
</th>
<th>
<h3>RÉF.</h3>
</th>
</tr>
<tr>
<td>3KG</td>
<td>INCA3KG</td>
</tr>
<tr>
<td>12,5KG</td>
<td>INCA125KG</td>
</tr>
</tbody>
</table>

<!-- This site is optimized with the Yoast SEO plugin v28.4 - https://yoast.com/product/yoast-seo-wordpress/ -->
<title>Revêtement ignifuge ablatif - Cortartec | Equipamentos para a construção civil</title>
<meta name="robots" content="index, follow, max-snippet:-1, max-image-preview:large, max-video-preview:-1" />
<link rel="canonical" href="https://cortartec.net/fr/produto/revetement-ignifuge-ablatif/" />
<meta property="og:locale" content="fr_FR" />
<meta property="og:type" content="article" />
<meta property="og:title" content="Revêtement ignifuge ablatif - Cortartec | Equipamentos para a construção civil" />
<meta property="og:description" content="Fiche technique DWG" />
<meta property="og:url" content="https://cortartec.net/fr/produto/revetement-ignifuge-ablatif/" />
<meta property="og:site_name" content="Cortartec | Equipamentos para a construção civil" />
<meta property="article:modified_time" content="2026-05-15T14:40:08+00:00" />
<meta property="og:image" content="https://cortartec.net/wp-content/uploads/2026/02/intu-fr-coat-i-q5a8zacdog0z3qpft8sutte8nzw5976wwcx1g7j6m0.jpg" />
	<meta property="og:image:width" content="350" />
	<meta property="og:image:height" content="300" />
	<meta property="og:image:type" content="image/jpeg" />
<meta name="twitter:card" content="summary_large_image" />
<meta name="twitter:label1" content="Durée de lecture estimée" />
	<meta name="twitter:data1" content="2 minutes" />
<script type="application/ld+json" class="yoast-schema-graph">{"@context":"https:\/\/schema.org","@graph":[{"@type":"WebPage","@id":"https:\/\/cortartec.net\/fr\/produto\/revetement-ignifuge-ablatif\/","url":"https:\/\/cortartec.net\/fr\/produto\/revetement-ignifuge-ablatif\/","name":"Revêtement ignifuge ablatif - Cortartec | Equipamentos para a construção civil","isPartOf":{"@id":"https:\/\/cortartec.net\/fr\/#website"},"primaryImageOfPage":{"@id":"https:\/\/cortartec.net\/fr\/produto\/revetement-ignifuge-ablatif\/#primaryimage"},"image":{"@id":"https:\/\/cortartec.net\/fr\/produto\/revetement-ignifuge-ablatif\/#primaryimage"},"thumbnailUrl":"https:\/\/cortartec.net\/wp-content\/uploads\/2026\/02\/intu-fr-coat-i-q5a8zacdog0z3qpft8sutte8nzw5976wwcx1g7j6m0.jpg","datePublished":"2026-02-06T10:15:31+00:00","dateModified":"2026-05-15T14:40:08+00:00","breadcrumb":{"@id":"https:\/\/cortartec.net\/fr\/produto\/revetement-ignifuge-ablatif\/#breadcrumb"},"inLanguage":"fr-FR","potentialAction":[{"@type":"ReadAction","target":["https:\/\/cortartec.net\/fr\/produto\/revetement-ignifuge-ablatif\/"]}]},{"@type":"ImageObject","inLanguage":"fr-FR","@id":"https:\/\/cortartec.net\/fr\/produto\/revetement-ignifuge-ablatif\/#primaryimage","url":"https:\/\/cortartec.net\/wp-content\/uploads\/2026\/02\/intu-fr-coat-i-q5a8zacdog0z3qpft8sutte8nzw5976wwcx1g7j6m0.jpg","contentUrl":"https:\/\/cortartec.net\/wp-content\/uploads\/2026\/02\/intu-fr-coat-i-q5a8zacdog0z3qpft8sutte8nzw5976wwcx1g7j6m0.jpg","width":350,"height":300},{"@type":"BreadcrumbList","@id":"https:\/\/cortartec.net\/fr\/produto\/revetement-ignifuge-ablatif\/#breadcrumb","itemListElement":[{"@type":"ListItem","position":1,"name":"Início","item":"https:\/\/cortartec.net\/fr\/"},{"@type":"ListItem","position":2,"name":"PRODUITS","item":"https:\/\/cortartec.net\/fr\/produits\/"},{"@type":"ListItem","position":3,"name":"Revêtement ignifuge ablatif"}]},{"@type":"WebSite","@id":"https:\/\/cortartec.net\/fr\/#website","url":"https:\/\/cortartec.net\/fr\/","name":"Cortartec | Equipamentos para a construção civil","description":"Engenharia Industrial","potentialAction":[{"@type":"SearchAction","target":{"@type":"EntryPoint","urlTemplate":"https:\/\/cortartec.net\/fr\/?s={search_term_string}"},"query-input":{"@type":"PropertyValueSpecification","valueRequired":true,"valueName":"search_term_string"}}],"inLanguage":"fr-FR"}]}</script>
<!-- / Yoast SEO plugin. -->

Revêtement ignifuge ablatif - Cortartec | Equipamentos para a construção civil

Cortartec | Equipamentos para a construção civil

Início
