{"id":36673,"date":"2026-02-06T09:48:00","date_gmt":"2026-02-06T09:48:00","guid":{"rendered":"https:\/\/cortartec.net\/produto\/bandas-intumescentes\/"},"modified":"2026-05-15T14:41:22","modified_gmt":"2026-05-15T14:41:22","slug":"bandes-intumescentes","status":"publish","type":"product","link":"https:\/\/cortartec.net\/fr\/produto\/bandes-intumescentes\/","title":{"rendered":"Bandes intumescentes"},"content":{"rendered":"<p>La bande coupe-feu COR FR WRAP L est fabriqu\u00e9e \u00e0 partir d&rsquo;un mat\u00e9riau \u00e0 base de graphite. Ce mat\u00e9riau gonfle sous l&rsquo;effet d&rsquo;une temp\u00e9rature \u00e9lev\u00e9e (environ 140 \u00b0C) et comble tout l&rsquo;espace cr\u00e9\u00e9 apr\u00e8s la combustion de mat\u00e9riaux inflammables<\/p>\n<h3><strong>Application <\/strong><\/h3>\n<p>COR FR WRAP L est utilis\u00e9 pour la protection contre le feu et les passages de tuyaux en plastique (PVC, PP, PE, HDPE, PEX\/AI\/l\/PEX, PE-RT\/Al\/PE-RT, PP-R\/Al\/PP-R, PP-R GLASS) traversant des cloisons coupe-feu. Il est \u00e9galement possible de prot\u00e9ger des tuyaux ininflammables isol\u00e9s avec de l&rsquo;Armaflex synth\u00e9tique\/K-flex ou de la mousse de PE, traversant des sols ou des murs.<\/p>\n<h3><strong>Murs rigides<\/strong><\/h3>\n<p>Le mur doit avoir une \u00e9paisseur d&rsquo;au moins 150 mm et \u00eatre en b\u00e9ton ou en ma\u00e7onnerie, avec une densit\u00e9 minimale de 600 kg\/m\u00b3.<\/p>\n<h3><strong>Sols rigides<\/strong><\/h3>\n<p>Le sol doit avoir une \u00e9paisseur d&rsquo;au moins 150 mm et \u00eatre en b\u00e9ton ou en ma\u00e7onnerie, avec une densit\u00e9 minimale de 1 700 kg\/m\u00b3.<\/p>\n<h3><strong>Murs flexibles :<\/strong><\/h3>\n<p>Le mur doit avoir une \u00e9paisseur d&rsquo;au moins 125 mm et une structure en profil\u00e9s d&rsquo;acier recouverte sur les deux faces d&rsquo;au moins 2 couches de panneaux d&rsquo;une \u00e9paisseur de 12,5 mm.<\/p>\n<p>&nbsp;<\/p>\n<table width=\"100%\">\n<tbody>\n<tr>\n<th>\n<h3>TYPE<\/h3>\n<\/th>\n<th>\n<h3>REF\u00aa<\/h3>\n<\/th>\n<\/tr>\n<tr>\n<td><strong>10mb x 60mm<\/strong><\/td>\n<td>INWRL60X10<\/td>\n<\/tr>\n<tr>\n<td><strong>10mb x 60mm (AT)<\/strong><\/td>\n<td>INWRL60X10AT<\/td>\n<\/tr>\n<tr>\n<td><strong>25mb x 60mm<\/strong><\/td>\n<td>INWRL60X25<\/td>\n<\/tr>\n<tr>\n<td><strong>25mb x 60mm (AT)<\/strong><\/td>\n<td>INWRL60X25AT<\/td>\n<\/tr>\n<tr>\n<td><strong>10mb x 100mm<\/strong><\/td>\n<td>INWRL100X10<\/td>\n<\/tr>\n<tr>\n<td><strong>10mb x 100mm (AT)<\/strong><\/td>\n<td>INWRL100X10AT<\/td>\n<\/tr>\n<tr>\n<td><strong>25mb x 100mm<\/strong><\/td>\n<td>INWRL100X25<\/td>\n<\/tr>\n<tr>\n<td><strong>25mb x 100mm (AT)<\/strong><\/td>\n<td>INWRL100X25AT<\/td>\n<\/tr>\n<\/tbody>\n<\/table>\n","protected":false},"excerpt":{"rendered":"<p><span style=\"color: #e46106;\"><strong><a style=\"color: #e46106;\" href=\"https:\/\/cortartec.net\/wp-content\/uploads\/2021\/07\/cortartec-banda-instumescente-corta-fogo-intu_fr_wrap_l-ficha-tecnica.pdf\" target=\u00ab _blank \u00bb rel=\"noopener\">Fiche technique<\/a><\/strong><\/span><br \/>\n<span style=\"color: #e46106;\"><strong><a style=\"color: #e46106;\" href=\"\"#>DWG<\/a><\/strong><\/span><\/p>\n","protected":false},"featured_media":36674,"comment_status":"open","ping_status":"closed","template":"","meta":[],"product_brand":[],"product_cat":[334],"product_tag":[],"class_list":["post-36673","product","type-product","status-publish","has-post-thumbnail","product_cat-coupe-feu","first","instock","shipping-taxable","product-type-simple"],"yoast_head":"<!-- This site is optimized with the Yoast SEO plugin v28.4 - https:\/\/yoast.com\/product\/yoast-seo-wordpress\/ -->\n<title>Bandes intumescentes - Cortartec | Equipamentos para a constru\u00e7\u00e3o civil<\/title>\n<meta name=\"robots\" content=\"index, follow, max-snippet:-1, max-image-preview:large, max-video-preview:-1\" \/>\n<link rel=\"canonical\" href=\"https:\/\/cortartec.net\/fr\/produto\/bandes-intumescentes\/\" \/>\n<meta property=\"og:locale\" content=\"fr_FR\" \/>\n<meta property=\"og:type\" content=\"article\" \/>\n<meta property=\"og:title\" content=\"Bandes intumescentes - Cortartec | Equipamentos para a constru\u00e7\u00e3o civil\" \/>\n<meta property=\"og:description\" content=\"Fiche technique DWG\" \/>\n<meta property=\"og:url\" content=\"https:\/\/cortartec.net\/fr\/produto\/bandes-intumescentes\/\" \/>\n<meta property=\"og:site_name\" content=\"Cortartec | Equipamentos para a constru\u00e7\u00e3o civil\" \/>\n<meta property=\"article:modified_time\" content=\"2026-05-15T14:41:22+00:00\" \/>\n<meta property=\"og:image\" content=\"https:\/\/cortartec.net\/wp-content\/uploads\/2026\/02\/intu-fire-colar-l-2-400x300-1.jpg\" \/>\n\t<meta property=\"og:image:width\" content=\"400\" \/>\n\t<meta property=\"og:image:height\" content=\"300\" \/>\n\t<meta property=\"og:image:type\" content=\"image\/jpeg\" \/>\n<meta name=\"twitter:card\" content=\"summary_large_image\" \/>\n<meta name=\"twitter:label1\" content=\"Dur\u00e9e de lecture estim\u00e9e\" \/>\n\t<meta name=\"twitter:data1\" content=\"2 minutes\" \/>\n<script type=\"application\/ld+json\" class=\"yoast-schema-graph\">{\"@context\":\"https:\\\/\\\/schema.org\",\"@graph\":[{\"@type\":\"WebPage\",\"@id\":\"https:\\\/\\\/cortartec.net\\\/fr\\\/produto\\\/bandes-intumescentes\\\/\",\"url\":\"https:\\\/\\\/cortartec.net\\\/fr\\\/produto\\\/bandes-intumescentes\\\/\",\"name\":\"Bandes intumescentes - Cortartec | Equipamentos para a constru\u00e7\u00e3o civil\",\"isPartOf\":{\"@id\":\"https:\\\/\\\/cortartec.net\\\/fr\\\/#website\"},\"primaryImageOfPage\":{\"@id\":\"https:\\\/\\\/cortartec.net\\\/fr\\\/produto\\\/bandes-intumescentes\\\/#primaryimage\"},\"image\":{\"@id\":\"https:\\\/\\\/cortartec.net\\\/fr\\\/produto\\\/bandes-intumescentes\\\/#primaryimage\"},\"thumbnailUrl\":\"https:\\\/\\\/cortartec.net\\\/wp-content\\\/uploads\\\/2026\\\/02\\\/intu-fire-colar-l-2-400x300-1.jpg\",\"datePublished\":\"2026-02-06T09:48:00+00:00\",\"dateModified\":\"2026-05-15T14:41:22+00:00\",\"breadcrumb\":{\"@id\":\"https:\\\/\\\/cortartec.net\\\/fr\\\/produto\\\/bandes-intumescentes\\\/#breadcrumb\"},\"inLanguage\":\"fr-FR\",\"potentialAction\":[{\"@type\":\"ReadAction\",\"target\":[\"https:\\\/\\\/cortartec.net\\\/fr\\\/produto\\\/bandes-intumescentes\\\/\"]}]},{\"@type\":\"ImageObject\",\"inLanguage\":\"fr-FR\",\"@id\":\"https:\\\/\\\/cortartec.net\\\/fr\\\/produto\\\/bandes-intumescentes\\\/#primaryimage\",\"url\":\"https:\\\/\\\/cortartec.net\\\/wp-content\\\/uploads\\\/2026\\\/02\\\/intu-fire-colar-l-2-400x300-1.jpg\",\"contentUrl\":\"https:\\\/\\\/cortartec.net\\\/wp-content\\\/uploads\\\/2026\\\/02\\\/intu-fire-colar-l-2-400x300-1.jpg\",\"width\":400,\"height\":300},{\"@type\":\"BreadcrumbList\",\"@id\":\"https:\\\/\\\/cortartec.net\\\/fr\\\/produto\\\/bandes-intumescentes\\\/#breadcrumb\",\"itemListElement\":[{\"@type\":\"ListItem\",\"position\":1,\"name\":\"In\u00edcio\",\"item\":\"https:\\\/\\\/cortartec.net\\\/fr\\\/\"},{\"@type\":\"ListItem\",\"position\":2,\"name\":\"PRODUITS\",\"item\":\"https:\\\/\\\/cortartec.net\\\/fr\\\/produits\\\/\"},{\"@type\":\"ListItem\",\"position\":3,\"name\":\"Bandes intumescentes\"}]},{\"@type\":\"WebSite\",\"@id\":\"https:\\\/\\\/cortartec.net\\\/fr\\\/#website\",\"url\":\"https:\\\/\\\/cortartec.net\\\/fr\\\/\",\"name\":\"Cortartec | Equipamentos para a constru\u00e7\u00e3o civil\",\"description\":\"Engenharia Industrial\",\"potentialAction\":[{\"@type\":\"SearchAction\",\"target\":{\"@type\":\"EntryPoint\",\"urlTemplate\":\"https:\\\/\\\/cortartec.net\\\/fr\\\/?s={search_term_string}\"},\"query-input\":{\"@type\":\"PropertyValueSpecification\",\"valueRequired\":true,\"valueName\":\"search_term_string\"}}],\"inLanguage\":\"fr-FR\"}]}<\/script>\n<!-- \/ Yoast SEO plugin. -->","yoast_head_json":{"title":"Bandes intumescentes - Cortartec | Equipamentos para a constru\u00e7\u00e3o civil","robots":{"index":"index","follow":"follow","max-snippet":"max-snippet:-1","max-image-preview":"max-image-preview:large","max-video-preview":"max-video-preview:-1"},"canonical":"https:\/\/cortartec.net\/fr\/produto\/bandes-intumescentes\/","og_locale":"fr_FR","og_type":"article","og_title":"Bandes intumescentes - Cortartec | Equipamentos para a constru\u00e7\u00e3o civil","og_description":"Fiche technique DWG","og_url":"https:\/\/cortartec.net\/fr\/produto\/bandes-intumescentes\/","og_site_name":"Cortartec | Equipamentos para a constru\u00e7\u00e3o civil","article_modified_time":"2026-05-15T14:41:22+00:00","og_image":[{"width":400,"height":300,"url":"https:\/\/cortartec.net\/wp-content\/uploads\/2026\/02\/intu-fire-colar-l-2-400x300-1.jpg","type":"image\/jpeg"}],"twitter_card":"summary_large_image","twitter_misc":{"Dur\u00e9e de lecture estim\u00e9e":"2 minutes"},"schema":{"@context":"https:\/\/schema.org","@graph":[{"@type":"WebPage","@id":"https:\/\/cortartec.net\/fr\/produto\/bandes-intumescentes\/","url":"https:\/\/cortartec.net\/fr\/produto\/bandes-intumescentes\/","name":"Bandes intumescentes - Cortartec | Equipamentos para a constru\u00e7\u00e3o civil","isPartOf":{"@id":"https:\/\/cortartec.net\/fr\/#website"},"primaryImageOfPage":{"@id":"https:\/\/cortartec.net\/fr\/produto\/bandes-intumescentes\/#primaryimage"},"image":{"@id":"https:\/\/cortartec.net\/fr\/produto\/bandes-intumescentes\/#primaryimage"},"thumbnailUrl":"https:\/\/cortartec.net\/wp-content\/uploads\/2026\/02\/intu-fire-colar-l-2-400x300-1.jpg","datePublished":"2026-02-06T09:48:00+00:00","dateModified":"2026-05-15T14:41:22+00:00","breadcrumb":{"@id":"https:\/\/cortartec.net\/fr\/produto\/bandes-intumescentes\/#breadcrumb"},"inLanguage":"fr-FR","potentialAction":[{"@type":"ReadAction","target":["https:\/\/cortartec.net\/fr\/produto\/bandes-intumescentes\/"]}]},{"@type":"ImageObject","inLanguage":"fr-FR","@id":"https:\/\/cortartec.net\/fr\/produto\/bandes-intumescentes\/#primaryimage","url":"https:\/\/cortartec.net\/wp-content\/uploads\/2026\/02\/intu-fire-colar-l-2-400x300-1.jpg","contentUrl":"https:\/\/cortartec.net\/wp-content\/uploads\/2026\/02\/intu-fire-colar-l-2-400x300-1.jpg","width":400,"height":300},{"@type":"BreadcrumbList","@id":"https:\/\/cortartec.net\/fr\/produto\/bandes-intumescentes\/#breadcrumb","itemListElement":[{"@type":"ListItem","position":1,"name":"In\u00edcio","item":"https:\/\/cortartec.net\/fr\/"},{"@type":"ListItem","position":2,"name":"PRODUITS","item":"https:\/\/cortartec.net\/fr\/produits\/"},{"@type":"ListItem","position":3,"name":"Bandes intumescentes"}]},{"@type":"WebSite","@id":"https:\/\/cortartec.net\/fr\/#website","url":"https:\/\/cortartec.net\/fr\/","name":"Cortartec | Equipamentos para a constru\u00e7\u00e3o civil","description":"Engenharia Industrial","potentialAction":[{"@type":"SearchAction","target":{"@type":"EntryPoint","urlTemplate":"https:\/\/cortartec.net\/fr\/?s={search_term_string}"},"query-input":{"@type":"PropertyValueSpecification","valueRequired":true,"valueName":"search_term_string"}}],"inLanguage":"fr-FR"}]}},"_links":{"self":[{"href":"https:\/\/cortartec.net\/fr\/wp-json\/wp\/v2\/product\/36673","targetHints":{"allow":["GET"]}}],"collection":[{"href":"https:\/\/cortartec.net\/fr\/wp-json\/wp\/v2\/product"}],"about":[{"href":"https:\/\/cortartec.net\/fr\/wp-json\/wp\/v2\/types\/product"}],"replies":[{"embeddable":true,"href":"https:\/\/cortartec.net\/fr\/wp-json\/wp\/v2\/comments?post=36673"}],"wp:featuredmedia":[{"embeddable":true,"href":"https:\/\/cortartec.net\/fr\/wp-json\/wp\/v2\/media\/36674"}],"wp:attachment":[{"href":"https:\/\/cortartec.net\/fr\/wp-json\/wp\/v2\/media?parent=36673"}],"wp:term":[{"taxonomy":"product_brand","embeddable":true,"href":"https:\/\/cortartec.net\/fr\/wp-json\/wp\/v2\/product_brand?post=36673"},{"taxonomy":"product_cat","embeddable":true,"href":"https:\/\/cortartec.net\/fr\/wp-json\/wp\/v2\/product_cat?post=36673"},{"taxonomy":"product_tag","embeddable":true,"href":"https:\/\/cortartec.net\/fr\/wp-json\/wp\/v2\/product_tag?post=36673"}],"curies":[{"name":"wp","href":"https:\/\/api.w.org\/{rel}","templated":true}]}}

<p>La bande coupe-feu COR FR WRAP L est fabriquée à partir d&rsquo;un matériau à base de graphite. Ce matériau gonfle sous l&rsquo;effet d&rsquo;une température élevée (environ 140 °C) et comble tout l&rsquo;espace créé après la combustion de matériaux inflammables</p>
<h3><strong>Application </strong></h3>
<p>COR FR WRAP L est utilisé pour la protection contre le feu et les passages de tuyaux en plastique (PVC, PP, PE, HDPE, PEX/AI/l/PEX, PE-RT/Al/PE-RT, PP-R/Al/PP-R, PP-R GLASS) traversant des cloisons coupe-feu. Il est également possible de protéger des tuyaux ininflammables isolés avec de l&rsquo;Armaflex synthétique/K-flex ou de la mousse de PE, traversant des sols ou des murs.</p>
<h3><strong>Murs rigides</strong></h3>
<p>Le mur doit avoir une épaisseur d&rsquo;au moins 150 mm et être en béton ou en maçonnerie, avec une densité minimale de 600 kg/m³.</p>
<h3><strong>Sols rigides</strong></h3>
<p>Le sol doit avoir une épaisseur d&rsquo;au moins 150 mm et être en béton ou en maçonnerie, avec une densité minimale de 1 700 kg/m³.</p>
<h3><strong>Murs flexibles :</strong></h3>
<p>Le mur doit avoir une épaisseur d&rsquo;au moins 125 mm et une structure en profilés d&rsquo;acier recouverte sur les deux faces d&rsquo;au moins 2 couches de panneaux d&rsquo;une épaisseur de 12,5 mm.</p>
<p>&nbsp;</p>
<table width="100%">
<tbody>
<tr>
<th>
<h3>TYPE</h3>
</th>
<th>
<h3>REFª</h3>
</th>
</tr>
<tr>
<td><strong>10mb x 60mm</strong></td>
<td>INWRL60X10</td>
</tr>
<tr>
<td><strong>10mb x 60mm (AT)</strong></td>
<td>INWRL60X10AT</td>
</tr>
<tr>
<td><strong>25mb x 60mm</strong></td>
<td>INWRL60X25</td>
</tr>
<tr>
<td><strong>25mb x 60mm (AT)</strong></td>
<td>INWRL60X25AT</td>
</tr>
<tr>
<td><strong>10mb x 100mm</strong></td>
<td>INWRL100X10</td>
</tr>
<tr>
<td><strong>10mb x 100mm (AT)</strong></td>
<td>INWRL100X10AT</td>
</tr>
<tr>
<td><strong>25mb x 100mm</strong></td>
<td>INWRL100X25</td>
</tr>
<tr>
<td><strong>25mb x 100mm (AT)</strong></td>
<td>INWRL100X25AT</td>
</tr>
</tbody>
</table>

<!-- This site is optimized with the Yoast SEO plugin v28.4 - https://yoast.com/product/yoast-seo-wordpress/ -->
<title>Bandes intumescentes - Cortartec | Equipamentos para a construção civil</title>
<meta name="robots" content="index, follow, max-snippet:-1, max-image-preview:large, max-video-preview:-1" />
<link rel="canonical" href="https://cortartec.net/fr/produto/bandes-intumescentes/" />
<meta property="og:locale" content="fr_FR" />
<meta property="og:type" content="article" />
<meta property="og:title" content="Bandes intumescentes - Cortartec | Equipamentos para a construção civil" />
<meta property="og:description" content="Fiche technique DWG" />
<meta property="og:url" content="https://cortartec.net/fr/produto/bandes-intumescentes/" />
<meta property="og:site_name" content="Cortartec | Equipamentos para a construção civil" />
<meta property="article:modified_time" content="2026-05-15T14:41:22+00:00" />
<meta property="og:image" content="https://cortartec.net/wp-content/uploads/2026/02/intu-fire-colar-l-2-400x300-1.jpg" />
	<meta property="og:image:width" content="400" />
	<meta property="og:image:height" content="300" />
	<meta property="og:image:type" content="image/jpeg" />
<meta name="twitter:card" content="summary_large_image" />
<meta name="twitter:label1" content="Durée de lecture estimée" />
	<meta name="twitter:data1" content="2 minutes" />
<script type="application/ld+json" class="yoast-schema-graph">{"@context":"https:\/\/schema.org","@graph":[{"@type":"WebPage","@id":"https:\/\/cortartec.net\/fr\/produto\/bandes-intumescentes\/","url":"https:\/\/cortartec.net\/fr\/produto\/bandes-intumescentes\/","name":"Bandes intumescentes - Cortartec | Equipamentos para a construção civil","isPartOf":{"@id":"https:\/\/cortartec.net\/fr\/#website"},"primaryImageOfPage":{"@id":"https:\/\/cortartec.net\/fr\/produto\/bandes-intumescentes\/#primaryimage"},"image":{"@id":"https:\/\/cortartec.net\/fr\/produto\/bandes-intumescentes\/#primaryimage"},"thumbnailUrl":"https:\/\/cortartec.net\/wp-content\/uploads\/2026\/02\/intu-fire-colar-l-2-400x300-1.jpg","datePublished":"2026-02-06T09:48:00+00:00","dateModified":"2026-05-15T14:41:22+00:00","breadcrumb":{"@id":"https:\/\/cortartec.net\/fr\/produto\/bandes-intumescentes\/#breadcrumb"},"inLanguage":"fr-FR","potentialAction":[{"@type":"ReadAction","target":["https:\/\/cortartec.net\/fr\/produto\/bandes-intumescentes\/"]}]},{"@type":"ImageObject","inLanguage":"fr-FR","@id":"https:\/\/cortartec.net\/fr\/produto\/bandes-intumescentes\/#primaryimage","url":"https:\/\/cortartec.net\/wp-content\/uploads\/2026\/02\/intu-fire-colar-l-2-400x300-1.jpg","contentUrl":"https:\/\/cortartec.net\/wp-content\/uploads\/2026\/02\/intu-fire-colar-l-2-400x300-1.jpg","width":400,"height":300},{"@type":"BreadcrumbList","@id":"https:\/\/cortartec.net\/fr\/produto\/bandes-intumescentes\/#breadcrumb","itemListElement":[{"@type":"ListItem","position":1,"name":"Início","item":"https:\/\/cortartec.net\/fr\/"},{"@type":"ListItem","position":2,"name":"PRODUITS","item":"https:\/\/cortartec.net\/fr\/produits\/"},{"@type":"ListItem","position":3,"name":"Bandes intumescentes"}]},{"@type":"WebSite","@id":"https:\/\/cortartec.net\/fr\/#website","url":"https:\/\/cortartec.net\/fr\/","name":"Cortartec | Equipamentos para a construção civil","description":"Engenharia Industrial","potentialAction":[{"@type":"SearchAction","target":{"@type":"EntryPoint","urlTemplate":"https:\/\/cortartec.net\/fr\/?s={search_term_string}"},"query-input":{"@type":"PropertyValueSpecification","valueRequired":true,"valueName":"search_term_string"}}],"inLanguage":"fr-FR"}]}</script>
<!-- / Yoast SEO plugin. -->

Bandes intumescentes - Cortartec | Equipamentos para a construção civil

Cortartec | Equipamentos para a construção civil

Início
